8 and 4680?
8
What is the greatest common factor of 325 and 50?
25
Calculate the greatest common divisor of 4 and 244.
4
Calculate the greatest common factor of 745 and 149.
149
What is the highest common factor of 5 and 10760?
5
Calculate the greatest common divisor of 3211 and 845.
169
What is the greatest common divisor of 96 and 1408?
32
What is the highest common divisor of 589 and 186?
31
Calculate the highest common factor of 5894 and 14.
14
Calculate the greatest common divisor of 10 and 1030.
10
What is the greatest common divisor of 264 and 924?
132
Calculate the greatest common divisor of 84 and 14.
14
What is the highest common divisor of 738 and 36?
18
Calculate the highest common factor of 12 and 22.
2
What is the greatest common divisor of 186 and 682?
62
What is the greatest common divisor of 996 and 12?
12
What is the greatest common factor of 589 and 133?
19
What is the greatest common divisor of 15015 and 273?
273
Calculate the highest common divisor of 100 and 980.
20
Calculate the highest common divisor of 590 and 5.
5
What is the greatest common divisor of 56982 and 6?
6
Calculate the greatest common divisor of 147 and 21.
21
Calculate the greatest common divisor of 3 and 591.
3
Calculate the greatest common divisor of 496 and 62.
62
What is the greatest common divisor of 8829 and 18?
9
Calculate the highest common factor of 36 and 414.
18
What is the greatest common divisor of 205 and 14063?
41
Calculate the highest common factor of 132 and 102.
6
What is the highest common factor of 9398 and 74?
74
Calculate the highest common factor of 165 and 6.
3
Calculate the highest common factor of 3 and 96.
3
What is the greatest common divisor of 260 and 60?
20
What is the greatest common factor of 102 and 204?
102
Calculate the greatest common divisor of 145 and 70.
5
Calculate the greatest common factor of 133 and 19.
19
Calculate the highest common factor of 5 and 1585.
5
Calculate the greatest common divisor of 171 and 285.
57
What is the greatest common divisor of 35 and 1120?
35
What is the highest common divisor of 629 and 1739?
37
Calculate the highest common factor of 16 and 1808.
16
What is the greatest common divisor of 152 and 16?
8
What is the greatest common factor of 90 and 30?
30
What is the greatest common factor of 48 and 816?
48
Calculate the greatest common divisor of 302 and 8.
2
What is the highest common factor of 63 and 5859?
63
Calculate the greatest common divisor of 19 and 2033.
19
What is the highest common factor of 21 and 15?
3
What is the greatest common divisor of 48 and 304?
16
What is the highest common factor of 3300 and 60?
60
What is the greatest common divisor of 87 and 783?
87
What is the greatest common divisor of 20 and 8420?
20
What is the greatest common factor of 208 and 1118?
26
What is the highest common factor of 1107 and 5289?
123
What is the highest common divisor of 720 and 140?
20
What is the highest common factor of 1419 and 33?
33
What is the highest common factor of 1636 and 4?
4
What is the highest common factor of 84 and 2604?
84
What is the greatest common divisor of 87 and 6?
3
What is the greatest common divisor of 48 and 4584?
24
What is the highest common divisor of 20 and 6340?
20
What is the greatest common divisor of 257 and 1?
1
Calculate the greatest common factor of 63 and 2.
1
Calculate the greatest common factor of 646 and 680.
34
What is the highest common divisor of 62 and 8?
2
Calculate the highest common factor of 70 and 260.
10
What is the highest common divisor of 329 and 28?
7
What is the highest common factor of 59 and 5?
1
Calculate the highest common factor of 1152 and 96.
96
What is the highest common divisor of 122 and 305?
61
What is the highest common divisor of 278 and 2?
2
Calculate the highest common divisor of 387 and 15.
3
What is the highest common divisor of 18 and 5526?
18
Calculate the highest common divisor of 247 and 26.
13
Calculate the highest common factor of 2 and 57.
1
What is the greatest common factor of 531 and 9?
9
Calculate the highest common divisor of 54690 and 30.
30
What is the highest common divisor of 92 and 1127?
23
What is the highest common factor of 1356 and 12?
12
Calculate the highest common factor of 56875 and 25.
25
Calculate the greatest common divisor of 12293 and 19.
19
What is the highest common factor of 2834 and 91?
13
Calculate the highest common factor of 176 and 418.
22
What is the greatest common divisor of 161 and 56?
7
Calculate the greatest common divisor of 172 and 1978.
86
Calculate the greatest common divisor of 52 and 403.
13
What is the greatest common divisor of 935 and 1343?
17
What is the greatest common factor of 79 and 79?
79
What is the highest common divisor of 138 and 7797?
69
What is the highest common divisor of 200 and 125?
25
Calculate the greatest common factor of 3 and 81.
3
What is the highest common divisor of 117 and 9?
9
Calculate the greatest common factor of 14 and 1862.
14
What is the highest common factor of 2340 and 75?
15
Calculate the highest common factor of 4025 and 70.
35
Calculate the highest common factor of 1017 and 36.
9
What is the highest common divisor of 36 and 32?
4
Calculate the greatest common factor of 403 and 26.
13
Calculate the highest common factor of 104 and 416.
104
What is the greatest common factor of 161 and 791?
7
Calculate the greatest common divisor of 651 and 9331.
217
What is the highest common factor of 88 and 49368?
88
Calculate the greatest common factor of 882 and 1442.
14
What is the greatest common divisor of 245 and 49?
49
Calculate the highest common divisor of 1100 and 5.
5
What is the greatest common divisor of 33 and 11099?
11
What is the highest common divisor of 180 and 2556?
36
Calculate the greatest common factor of 55 and 3685.
55
Calculate the highest common divisor of 402 and 396.
6
Calculate the highest common factor of 10 and 10760.
10
What is the highest common factor of 134 and 2747?
67
Calculate the greatest common divisor of 6 and 9654.
6
What is the highest common factor of 36 and 636?
12
Calculate the greatest common divisor of 2 and 49.
1
What is the greatest common divisor of 48465 and 9?
9
What is the greatest common factor of 451 and 22?
11
Calculate the highest common factor of 2752 and 576.
64
Calculate the highest common divisor of 62 and 217.
31
Calculate the greatest common factor of 62 and 682.
62
Calculate the greatest common divisor of 18 and 186.
6
What is the greatest common divisor of 440 and 88?
88
What is the greatest common factor of 116 and 3364?
116
Calculate the greatest common factor of 176 and 32.
16
What is the greatest common factor of 112 and 364?
28
Calculate the greatest common divisor of 1188 and 3132.
108
Calculate the highest common factor of 5 and 8550.
5
Calculate the greatest common factor of 18 and 588.
6
What is the greatest common divisor of 768 and 4?
4
What is the greatest common factor of 14 and 28?
14
What is the highest common factor of 17 and 51?
17
What is the highest common factor of 162 and 7614?
162
Calculate the highest common factor of 406 and 6003.
29
What is the greatest common factor of 75 and 15?
15
Calculate the greatest common divisor of 5907 and 264.
33
What is the greatest common divisor of 2 and 23?
1
What is the highest common factor of 85 and 119?
17
What is the highest common divisor of 66 and 309?
3
What is the highest common factor of 228 and 60?
12
Calculate the greatest common divisor of 2916 and 81.
81
What is the highest common factor of 608 and 64?
32
What is the highest common divisor of 636 and 276?
12
What is the highest common divisor of 104 and 4264?
104
Calculate the highest common divisor of 276 and 732.
12
What is the greatest common divisor of 324 and 27?
27
Calculate the greatest common divisor of 28 and 112.
28
What is the greatest common factor of 98 and 1421?
49
Calculate the greatest common divisor of 2929 and 29.
29
Calculate the highest common factor of 2700 and 700.
100
What is the highest common factor of 1404 and 42?
6
What is the greatest common divisor of 332 and 1?
1
Calculate the greatest common divisor of 3445 and 455.
65
Calculate the greatest common factor of 89 and 712.
89
Calculate the greatest common divisor of 3 and